{"id":117,"date":"2013-02-01T10:45:15","date_gmt":"2013-02-01T09:45:15","guid":{"rendered":"http:\/\/www.agrar-oldies.de\/?page_id=117"},"modified":"2024-02-22T12:15:07","modified_gmt":"2024-02-22T11:15:07","slug":"der-verein","status":"publish","type":"page","link":"https:\/\/www.agrar-oldies.de\/","title":{"rendered":"Der Verein"},"content":{"rendered":"<p>Der Verein &#8222;Agrar-Oldies Rohrbach-Ottersried e.V.&#8220; wurde am 25.06.2012 in Ottersried mit 26 Mitgliedern gegr\u00fcndet. Heute haben wir \u00fcber 125 Mitglieder.<img loading=\"lazy\" decoding=\"async\" class=\"size-medium wp-image-65 alignright\" src=\"http:\/\/www.agrar-oldies.de\/wp-content\/uploads\/2013\/01\/Logo-1000-300x227.jpg\" alt=\"Agrar-Oldies Logo\" width=\"300\" height=\"227\" srcset=\"https:\/\/www.agrar-oldies.de\/wp-content\/uploads\/2013\/01\/Logo-1000-300x227.jpg 300w, https:\/\/www.agrar-oldies.de\/wp-content\/uploads\/2013\/01\/Logo-1000-624x472.jpg 624w, https:\/\/www.agrar-oldies.de\/wp-content\/uploads\/2013\/01\/Logo-1000.jpg 1000w\" sizes=\"auto, (max-width: 300px) 100vw, 300px\" \/><\/p>\n<p>Wir verfolgen den Zweck, das b\u00e4uerliche Brauchtum zu erhalten, die Erforschung der Heimatgeschichte sowie die Erhaltung von altert\u00fcmlichen&nbsp;landwirtschaftlichen Maschinen und Ger\u00e4ten.<\/p>\n<p>Au\u00dferdem m\u00f6chten wir den Kindern und Jugendlichen die fr\u00fchere Landbewirtschaftung darstellen.<\/p>\n<p>Weiterer Zweck des Vereins ist die Erhaltung der Schustereder-Sammlung (Eigentum der Gemeinde Rohrbach).<\/p>\n<p><a href=\"http:\/\/www.agrar-oldies.de\/wp-content\/uploads\/2016\/08\/Mitgliedsantrag.pdf\">Unseren Mitgliedsantrag kann man hier herunterladen.<\/a><\/p>\n\n\n<figure class=\"wp-block-image size-large\"><a href=\"http:\/\/www.agrar-oldies.de\/wp-content\/uploads\/2024\/02\/WhatsApp-Bild-2024-02-21-um-20.50.22_76ab0bd8.jpg\"><img loading=\"lazy\" decoding=\"async\" width=\"1024\" height=\"768\" src=\"http:\/\/www.agrar-oldies.de\/wp-content\/uploads\/2024\/02\/WhatsApp-Bild-2024-02-21-um-20.50.22_76ab0bd8-1024x768.jpg\" alt=\"\" class=\"wp-image-3752\" srcset=\"https:\/\/www.agrar-oldies.de\/wp-content\/uploads\/2024\/02\/WhatsApp-Bild-2024-02-21-um-20.50.22_76ab0bd8-1024x768.jpg 1024w, https:\/\/www.agrar-oldies.de\/wp-content\/uploads\/2024\/02\/WhatsApp-Bild-2024-02-21-um-20.50.22_76ab0bd8-300x225.jpg 300w, https:\/\/www.agrar-oldies.de\/wp-content\/uploads\/2024\/02\/WhatsApp-Bild-2024-02-21-um-20.50.22_76ab0bd8-768x576.jpg 768w, https:\/\/www.agrar-oldies.de\/wp-content\/uploads\/2024\/02\/WhatsApp-Bild-2024-02-21-um-20.50.22_76ab0bd8-1536x1152.jpg 1536w, https:\/\/www.agrar-oldies.de\/wp-content\/uploads\/2024\/02\/WhatsApp-Bild-2024-02-21-um-20.50.22_76ab0bd8-624x468.jpg 624w, https:\/\/www.agrar-oldies.de\/wp-content\/uploads\/2024\/02\/WhatsApp-Bild-2024-02-21-um-20.50.22_76ab0bd8.jpg 1600w\" sizes=\"auto, (max-width: 1024px) 100vw, 1024px\" \/><\/a><\/figure>\n\n\n\n<p>1. Vorstand Helmut Schneider<br>2. Vorstand Michael G\u00f6tzel<br>1. Schriftf\u00fchrer J\u00fcrgen Haase<br>2. Schriftf\u00fchrer Sabine Seitz<br>1. Kassier Bj\u00f6rn He\u00dfberg <br>2. Kassier Markus Ludwig<br>Weitere Beisitzer sind Christian Koch, Thomas Maier und Mathias Merkl<\/p>\n","protected":false},"excerpt":{"rendered":"<p>Der Verein &#8222;Agrar-Oldies Rohrbach-Ottersried e.V.&#8220; wurde am 25.06.2012 in Ottersried mit 26 Mitgliedern gegr\u00fcndet. Heute haben wir \u00fcber 125 Mitglieder. Wir verfolgen den Zweck, das b\u00e4uerliche Brauchtum zu erhalten, die Erforschung der Heimatgeschichte sowie die Erhaltung von altert\u00fcmlichen&nbsp;landwirtschaftlichen Maschinen und Ger\u00e4ten. Au\u00dferdem m\u00f6chten wir den Kindern und Jugendlichen die fr\u00fchere Landbewirtschaftung darstellen. Weiterer Zweck des [&hellip;]<\/p>\n","protected":false},"author":1,"featured_media":0,"parent":0,"menu_order":51,"comment_status":"closed","ping_status":"closed","template":"","meta":{"ngg_post_thumbnail":0,"footnotes":""},"class_list":["post-117","page","type-page","status-publish","hentry"],"_links":{"self":[{"href":"https:\/\/www.agrar-oldies.de\/index.php?rest_route=\/wp\/v2\/pages\/117","targetHints":{"allow":["GET"]}}],"collection":[{"href":"https:\/\/www.agrar-oldies.de\/index.php?rest_route=\/wp\/v2\/pages"}],"about":[{"href":"https:\/\/www.agrar-oldies.de\/index.php?rest_route=\/wp\/v2\/types\/page"}],"author":[{"embeddable":true,"href":"https:\/\/www.agrar-oldies.de\/index.php?rest_route=\/wp\/v2\/users\/1"}],"replies":[{"embeddable":true,"href":"https:\/\/www.agrar-oldies.de\/index.php?rest_route=%2Fwp%2Fv2%2Fcomments&post=117"}],"version-history":[{"count":33,"href":"https:\/\/www.agrar-oldies.de\/index.php?rest_route=\/wp\/v2\/pages\/117\/revisions"}],"predecessor-version":[{"id":3755,"href":"https:\/\/www.agrar-oldies.de\/index.php?rest_route=\/wp\/v2\/pages\/117\/revisions\/3755"}],"wp:attachment":[{"href":"https:\/\/www.agrar-oldies.de\/index.php?rest_route=%2Fwp%2Fv2%2Fmedia&parent=117"}],"curies":[{"name":"wp","href":"https:\/\/api.w.org\/{rel}","templated":true}]}}